 when (-592)/(-8) + (-2)/2 is divided by s?
21
Let c(h) = h**3 - 12*h**2 + 13*h - 22. Let m be c(11). Suppose 12*y - 696 - 6060 = m. Suppose -145 - y = -12*j. Calculate the remainder when j is divided by 30.
29
Suppose 2625 = 4*q - m, -2*q - m + 1328 - 23 = 0. Calculate the remainder when 1312 is divided by q.
2
Let o = -19320 - -19759. What is the remainder when o is divided by 12?
7
Suppose -2*i = -b - 70 - 431, -2*i + 2*b = -502. Calculate the remainder when i is divided by 121.
8
Let q = -2393 - -4187. What is the remainder when q is divided by 105?
9
Let o = -2569 - -2601. Calculate the remainder when o is divided by 18.
14
Suppose 5*q - 4*v - 26061 = 0, -4*v = -q - 7*v + 5216. Suppose 16*w + 333 - q = 0. Let j = w - 181. What is the remainder when j is divided by 18?
16
Let l(z) = 142*z - 8754. Calculate the remainder when l(94) is divided by 9.
4
Suppose 0*c + 183 = 3*c. Suppose 2 - c = -u. What is the remainder when u is divided by 24?
11
Suppose -7*h + 608 = h. Let f = h + -34. Suppose -4*z + 50 = -f. Calculate the remainder when z is divided by 5.
3
Let k(p) = 3*p + 77. Let s(v) = v + 26. Let z(b) = -2*k(b) + 7*s(b). Calculate the remainder when z(6) is divided by (-9)/(-5 + 2) + 9.
10
Let g be (-190 + -1)/((-2)/20*2). Suppose 5*f - 3*t = -5*t + 970, 0 = -5*f - 5*t + g. Calculate the remainder when f is divided by 10.
6
Suppose 139*z - 29*z = 2420. Let x = 143 - 101. Calculate the remainder when x is divided by z.
20
Let l = -35 - -41. Suppose -2*p + l*p - 375 = r, 5*p - 3*r - 474 = 0. What is the remainder when p is divided by 24?
21
Let y(q) = -310*q - 567. Calculate the remainder when y(-3) is divided by 6.
3
Let k(w) be the second derivative of w**3/6 - 11*w**2/2 - 4*w. What is the remainder when 106 is divided by k(23)?
10
Let m(r) = 2195*r + 9. Let p be m(2). Suppose 44*d = 4225 + p. Calculate the remainder when d is divided by 9.
7
Let n = 72 + -67. Let o be 4/(-5) + n/(175/203). Suppose o*d = 15 + 65. Calculate the remainder when 109 is divided by d.
13
Suppose 4*u = 4*d - 2932, -4*d - 3*u + 1960 + 937 = 0. Suppose -98 = 7*g - d. Calculate the remainder when g is divided by 22.
2
Suppose 125*y - 129*y - f = -301, 5*f + 319 = 4*y. Calculate the remainder when 363 is divided by y.
59
Suppose 7*q = 8*q + 4*y - 174, -y + 3 = 0. What is the remainder when 383 is divided by q?
59
Suppose v = -3*c + 963 + 204, -4*c + 2*v + 1536 = 0. What is the remainder when c is divided by 127?
6
Suppose -14 = -7*z + 8*z + 4*i, 2*i - 42 = 3*z. Calculate the remainder when (259/z)/(5/(-50)) is divided by 47.
44
Let d = 1494 - 1485. Let h = -114 + 38. Let t = -33 - h. What is the remainder when t is divided by d?
7
Let u(c) = -6*c - 47. Let s(w) = -2*w - 47. Let l be s(-14). Suppose -5*q = y - 87, -2*q + 35 + 3 = 2*y. Calculate the remainder when u(l) is divided by q.
16
Suppose 2*j - o + 5*o = 514, -984 = -4*j + 3*o. What is the remainder when j is divided by 25/(-10)*-6*24/20?
15
Suppose -2*s = 32 - 242. Suppose 0 = -141*k + 144*k - s. Let t(c) = -22*c + 6. What is the remainder when t(-6) is divided by k?
33
Let a be (-3 - -5)/(7/14). Suppose 2*j = -a*j + 336. Let y = 85 - j. Calculate the remainder when 115 is divided by y.
28
Suppose 0 = -u - 5*i + 74, -3*u + 2*i + 38 = -150. Let g = 2436 + -2408. Calculate the remainder when u is divided by g.
8
Let i = 9171 - 8699. Calculate the remainder when 479 is divided by i.
7
Let t(b) = -b**3 + 12*b**2 + 15*b - 30. Let h be t(12). Suppose 0 = -3*w - 4*v + 90, -w - h = -6*w + 4*v. Calculate the remainder when 39 is divided by w.
9
Let g = 165 + -56. Let y = 346 - 230. Let q = y - g. Calculate the remainder when 40 is divided by q.
5
What is the remainder when (590*(-11)/(-88))/(-1*5/(-20)) is divided by 101?
93
Let z = -76 - -107. Suppose 6*i + 539 - 557 = 0. What is the remainder when z is divided by (4 - -8)/(6/(i - -3))?
7
Suppose 4*o + 1152 = 2*m + 92, m = -2*o - 530. Let a = o - -285. What is the remainder when 179 is divided by a?
19
Let t(p) = -286*p + 351. What is the remainder when 6759 is divided by t(1)?
64
Let m be (39/65)/((-3)/(-148))*20. Let v = -541 + m. Calculate the remainder when 303 is divided by v.
48
Suppose -1624*p = -1629*p + 495. Calculate the remainder when 3459 is divided by p.
93
Let s(f) = -22*f + 31. Let n be s(3). Let l(d) = -5*d**2 + 1. Let a be l(1). Calculate the remainder when 166 is divided by (-854)/n - 3*a/(-30).
22
Suppose -4037*b - 312 = -p - 4032*b, p + 5*b - 232 = 0. Calculate the remainder when 764 is divided by p.
220
Suppose -6*r - 19 + 13 = 0. Calculate the remainder when (-78)/(-2) + 2/(-1) is divided by r/((2 + 28/(-8))/12).
5
Suppose 0 = 5*h - 84 - 11. Let z = 23 - h. What is the remainder when 28 + z + -2 + 0 is divided by 8?
6
Suppose -6 = 4*t + 2. Let s be t - (-4 - -6) - -41. Suppose u + c + 4*c - s = 0, u - 33 = -3*c. Calculate the remainder when u is divided by 6.
3
Suppose -3*f - 6 = -36. Let n(d) = 3*d**2 + 75*d - 3361. Calculate the remainder when n(-50) is divided by f.
9
Suppose 5*b + 8 = b, 3*y = 3*b + 423. Let q = y + -84. Calculate the remainder when 104 is divided by q.
49
Suppose 7*a - 175 = -0*a. Let s be ((-4)/6)/(28/(-3150)). Suppose -4*i = -j + 37, i - s = -2*j + 26. What is the remainder when j is divided by a?
24
Suppose -5*o + v = -1435, -o - 14*v = -10*v - 308. What is the remainder when o is divided by 159?
129
Let x = -2 + 54. Let u be 9*(-9)/(216/(-568)). Suppose -984 = -3*s - u. What is the remainder when s is divided by x?
49
Let b = 7904 - 7874. Calculate the remainder when 2181 is divided by b.
21
Let s = -27 - -31. Suppose -2*p = s*a - 176, -49 - 5 = -a + 2*p. Let u = -28 + a. Calculate the remainder when 53 is divided by u.
17
Let i(f) = 9*f - 1. What is the remainder when (-16 + -856)/(-4) + (4 - -5)/(-1) is divided by i(6)?
50
Suppose 350*x + 356*x + 51 - 8409 = -488*x. What is the remainder when -2*((-290)/4 + 0) is divided by x?
5
Calculate the remainder when 406 - -8*(-21)/14 is divided by 80.
74
Suppose 4*c - 15 = 17. Let f = 73597 - 73558. Calculate the remainder when f is divided by c.
7
Suppose 7*y = 704 - 2594. Let o = 281 + y. Calculate the remainder when 48 is divided by o.
4
Suppose -5*p - 351*v + 89 = -348*v, -5*p - 4*v + 102 = 0. Let k = 0 + 0. Suppose -4*n + 34 + 38 = k. What is the remainder when n is divided by p?
8
Let z be ((-40)/(-12))/(46/(-69)). What is the remainder when 148 - ((-77)/(-35) - 4/z) is divided by 3?
1
Suppose -5*b = -r + 11, 16*b - 41 = -2*r + 33. Calculate the remainder when 1447 is divided by r.
19
Suppose -54 = -4*u - 2*l - 8, 5*u = 3*l + 74. Suppose 0 = i - 30 + u. Calculate the remainder when 55 is divided by i.
4
Suppose -8 = 4*b + 4*f - 0*f, 4*b + 20 = -f. What is the remainder when 126 is divided by 686/42 - (-2)/b?
14
Let l = -6440 - -7464. Calculate the remainder when l is divided by 19.
17
Let i = 229 + -226. What is the remainder when 59 is divided by (-6)/((-18)/47)*i?
12
Let x(s) = 726*s**2 - 8*s + 3. Calculate the remainder when x(-1) is divided by 19.
15
Let v(s) = 61*s - 5. What is the remainder when v(3) is divided by 1*7 + (10 - 21 - -27 - 13)?
8
Let b be (2 - 0)*(-1 - 1). Let x be (-8)/b + -6 - 1*-12. Suppose 2 - 8 = 2*z, 2*z + x = o. What is the remainder when o is divided by 1?
0
Let a(n) = 6*n**2 - 35*n - 16. Let k be a(9). Let x = 177 - k. Suppose -2*r + 30 = -80. What is the remainder when r is divided by x?
11
Let n = 11239 + -10774. What is the remainder when n is divided by 254?
211
Let a = 1 - -4. Suppose -5*t - 2 = -2*d, -14 = -2*d + 25*t - 23*t. What is the remainder when d is divided by a?
1
Suppose 0 = 4*j - 3*s - 460, -8*s + 9*s = -5*j + 613. Calculate the remainder when 954 is divided by j.
107
Let k(s) = 63*s + 35. Let n be k(-9). What is the remainder when 138 is divided by (-2 + -1)*(n/(-6))/(-14)?
5
Suppose -4*g - 259 = 3*t, 0 = 3*g - 5*t + 2*t + 189. What is the remainder when -14*(-10)/8*g/(-5) is divided by 25?
24
Let k(s) = 2*s**2 + 3*s - 20. Let d = -683 - -1012. Calculate the remainder when d is divided by k(-5).
14
Let h be (-2)/(1 + (-78)/82). Suppose 0 = 108*q - 522 + 4194. Let z = q - h. Calculate the remainder when 18 is divided by z.
4
Let w = -2 - -17. Calculate the remainder when 107 + (-6 - (-26)/2) is divided by w.
9
Let y(r) 